{"id":26,"date":"2025-07-02T19:03:45","date_gmt":"2025-07-02T19:03:45","guid":{"rendered":"https:\/\/tamis-bilderglueck.de\/Bilderglueck\/?page_id=26"},"modified":"2025-09-26T11:03:22","modified_gmt":"2025-09-26T10:03:22","slug":"ueber-mich","status":"publish","type":"page","link":"https:\/\/tamis-bilderglueck.de\/","title":{"rendered":"\u00dcber mich"},"content":{"rendered":"\n<div class=\"wp-block-columns is-layout-flex wp-container-core-columns-is-layout-9d6595d7 wp-block-columns-is-layout-flex\">\n<div class=\"wp-block-column is-layout-flow wp-block-column-is-layout-flow\" style=\"flex-basis:66.66%\">\n<p>Mein Name ist Tami,<\/p>\n\n\n\n<p>ich bin eine Hobbyfotografin, die ihre Begeisterung und Leidenschaft von sch\u00f6nen Erinnerungsfotos teilen m\u00f6chte. Mein Ziel ist es, echte Emotionen einzufangen und festzuhalten und in dieser schnelllebigen Zeit wertvolle Erinnerungen zu schaffen. Als stolze Mama von sechs Kindern wei\u00df ich nur zu gut, wie schnell die Zeit vergeht und wie sch\u00f6n es ist, sich zusammen Fotob\u00fccher an zu sehen und sich an sch\u00f6ne vergangene, gemeinsame gl\u00fcckliche Momente zu erinnern.<\/p>\n\n\n\n<p>Mein Antrieb ist, euch dies zu erm\u00f6glichen.<\/p>\n\n\n\n<p>Habt ihr individuelle W\u00fcnsche oder Fragen, dann ruft oder schreibt mich gerne an. Ich freue mich mit euch zusammen ein einzigartiges Shooting zu gestalten. Bei einem unverbindlichen Vorgespr\u00e4ch finden wir zusammen heraus, was ihr euch vorstellt und was eure individuellen W\u00fcnsche sind.<\/p>\n\n\n\n<p>Ich freue mich darauf euch kennen zu lernen!<\/p>\n\n\n\n<p>Eure Tami<\/p>\n<\/div>\n\n\n\n<div class=\"wp-block-column is-layout-flow wp-block-column-is-layout-flow\" style=\"flex-basis:33.33%\">\n<figure class=\"wp-block-gallery has-nested-images columns-default is-cropped wp-block-gallery-1 is-layout-flex wp-block-gallery-is-layout-flex\"><\/figure>\n\n\n\n<figure class=\"wp-block-image size-full is-style-rounded\"><img loading=\"lazy\" decoding=\"async\" width=\"669\" height=\"800\" src=\"https:\/\/tamis-bilderglueck.de\/Bilderglueck\/wp-content\/uploads\/2025\/07\/d0cf916a0a0cd3da09a26ce7e7a85d29.jpg\" alt=\"\" class=\"wp-image-20\" srcset=\"https:\/\/tamis-bilderglueck.de\/Bilderglueck\/wp-content\/uploads\/2025\/07\/d0cf916a0a0cd3da09a26ce7e7a85d29.jpg 669w, https:\/\/tamis-bilderglueck.de\/Bilderglueck\/wp-content\/uploads\/2025\/07\/d0cf916a0a0cd3da09a26ce7e7a85d29-251x300.jpg 251w\" sizes=\"auto, (max-width: 669px) 100vw, 669px\" \/><\/figure>\n<\/div>\n<\/div>\n","protected":false},"excerpt":{"rendered":"<p>Mein Name ist Tami, ich bin eine Hobbyfotografin, die ihre Begeisterung und Leidenschaft von sch\u00f6nen Erinnerungsfotos teilen m\u00f6chte. Mein Ziel ist es, echte Emotionen einzufangen und festzuhalten und in dieser schnelllebigen Zeit wertvolle Erinnerungen zu schaffen. Als stolze Mama von sechs Kindern wei\u00df ich nur zu gut, wie schnell die Zeit vergeht und wie sch\u00f6n [&hellip;]<\/p>\n","protected":false},"author":1,"featured_media":20,"parent":0,"menu_order":0,"comment_status":"closed","ping_status":"closed","template":"","meta":{"footnotes":""},"class_list":["post-26","page","type-page","status-publish","hentry"],"_links":{"self":[{"href":"https:\/\/tamis-bilderglueck.de\/index.php\/wp-json\/wp\/v2\/pages\/26","targetHints":{"allow":["GET"]}}],"collection":[{"href":"https:\/\/tamis-bilderglueck.de\/index.php\/wp-json\/wp\/v2\/pages"}],"about":[{"href":"https:\/\/tamis-bilderglueck.de\/index.php\/wp-json\/wp\/v2\/types\/page"}],"author":[{"embeddable":true,"href":"https:\/\/tamis-bilderglueck.de\/index.php\/wp-json\/wp\/v2\/users\/1"}],"replies":[{"embeddable":true,"href":"https:\/\/tamis-bilderglueck.de\/index.php\/wp-json\/wp\/v2\/comments?post=26"}],"version-history":[{"count":4,"href":"https:\/\/tamis-bilderglueck.de\/index.php\/wp-json\/wp\/v2\/pages\/26\/revisions"}],"predecessor-version":[{"id":283,"href":"https:\/\/tamis-bilderglueck.de\/index.php\/wp-json\/wp\/v2\/pages\/26\/revisions\/283"}],"wp:featuredmedia":[{"embeddable":true,"href":"https:\/\/tamis-bilderglueck.de\/index.php\/wp-json\/wp\/v2\/media\/20"}],"wp:attachment":[{"href":"https:\/\/tamis-bilderglueck.de\/index.php\/wp-json\/wp\/v2\/media?parent=26"}],"curies":[{"name":"wp","href":"https:\/\/api.w.org\/{rel}","templated":true}]}}